e factors of 2310?
2, 3, 5, 7, 11
List the prime factors of 135297.
3, 5011
List the prime factors of 4293.
3, 53
What are the prime factors of 1561?
7, 223
List the prime factors of 134.
2, 67
List the prime factors of 31996.
2, 19, 421
What are the prime factors of 86987?
37, 2351
List the prime factors of 96865.
5, 19373
List the prime factors of 70789.
29, 2441
What are the prime factors of 21093?
3, 79, 89
What are the prime factors of 6023?
19, 317
List the prime factors of 1781.
13, 137
List the prime factors of 20709.
3, 13, 59
What are the prime factors of 1482?
2, 3, 13, 19
List the prime factors of 46043.
41, 1123
What are the prime factors of 40578?
2, 3, 6763
List the prime factors of 163.
163
What are the prime factors of 61794?
2, 3, 3433
What are the prime factors of 598?
2, 13, 23
List the prime factors of 30439.
61, 499
What are the prime factors of 2067?
3, 13, 53
List the prime factors of 95945.
5, 31, 619
List the prime factors of 744.
2, 3, 31
What are the prime factors of 6443?
17, 379
What are the prime factors of 5890?
2, 5, 19, 31
List the prime factors of 1399.
1399
List the prime factors of 508.
2, 127
What are the prime factors of 8264?
2, 1033
List the prime factors of 3961.
17, 233
What are the prime factors of 1640?
2, 5, 41
List the prime factors of 1777.
1777
What are the prime factors of 6182?
2, 11, 281
What are the prime factors of 5641?
5641
List the prime factors of 8582.
2, 7, 613
What are the prime factors of 6198?
2, 3, 1033
What are the prime factors of 2230?
2, 5, 223
List the prime factors of 1505.
5, 7, 43
What are the prime factors of 1797?
3, 599
List the prime factors of 21669.
3, 31, 233
What are the prime factors of 35175?
3, 5, 7, 67
What are the prime factors of 919?
919
List the prime factors of 4141.
41, 101
List the prime factors of 14244.
2, 3, 1187
List the prime factors of 2505.
3, 5, 167
What are the prime factors of 15195?
3, 5, 1013
What are the prime factors of 620?
2, 5, 31
What are the prime factors of 845?
5, 13
What are the prime factors of 16335?
3, 5, 11
What are the prime factors of 47854?
2, 71, 337
List the prime factors of 3746.
2, 1873
What are the prime factors of 100444?
2, 25111
What are the prime factors of 4646?
2, 23, 101
What are the prime factors of 1566?
2, 3, 29
List the prime factors of 411.
3, 137
List the prime factors of 97611.
3, 32537
What are the prime factors of 4858?
2, 7, 347
What are the prime factors of 19232?
2, 601
List the prime factors of 2149.
7, 307
List the prime factors of 4207.
7, 601
List the prime factors of 1368.
2, 3, 19
List the prime factors of 4895.
5, 11, 89
What are the prime factors of 6276?
2, 3, 523
What are the prime factors of 579?
3, 193
What are the prime factors of 116090?
2, 5, 13, 19, 47
List the prime factors of 37.
37
What are the prime factors of 853?
853
List the prime factors of 77484.
2, 3, 11, 587
List the prime factors of 5140.
2, 5, 257
List the prime factors of 11425.
5, 457
List the prime factors of 1097.
1097
List the prime factors of 2260.
2, 5, 113
List the prime factors of 29645.
5, 7, 11
What are the prime factors of 7785?
3, 5, 173
List the prime factors of 5620.
2, 5, 281
What are the prime factors of 3882?
2, 3, 647
List the prime factors of 60968.
2, 7621
What are the prime factors of 813?
3, 271
List the prime factors of 668.
2, 167
What are the prime factors of 494?
2, 13, 19
What are the prime factors of 2552?
2, 11, 29
List the prime factors of 4242.
2, 3, 7, 101
List the prime factors of 2165.
5, 433
List the prime factors of 189065.
5, 37813
List the prime factors of 11663.
107, 109
What are the prime factors of 3279?
3, 1093
List the prime factors of 7079.
7079
What are the prime factors of 788?
2, 197
What are the prime factors of 1146?
2, 3, 191
What are the prime factors of 3822?
2, 3, 7, 13
What are the prime factors of 9928?
2, 17, 73
What are the prime factors of 2543?
2543
What are the prime factors of 4128?
2, 3, 43
What are the prime factors of 140894?
2, 13, 5419
List the prime factors of 2607.
3, 11, 79
What are the prime factors of 162808?
2, 47, 433
What are the prime factors of 35759?
35759
What are the prime factors of 73557?
3, 11, 743
List the prime factors of 3027.
3, 1009
What are the prime factors of 7628?
2, 1907
List the prime factors of 79522.
2, 39761
List the prime factors of 6381.
3, 709
List the prime factors of 6988.
2, 1747
List the prime factors of 8454.
2, 3, 1409
What are the prime factors of 62184?
2, 3, 2591
List the prime factors of 3824.
2, 239
List the prime factors of 45914.
2, 11, 2087
What are the prime factors of 1523?
1523
List the prime factors of 1435.
5, 7, 41
List the prime factors of 1171.
1171
What are the prime factors of 58622?
2, 29311
List the prime factors of 180308.
2, 45077
List the prime factors of 84081.
3, 28027
List the prime factors of 1372.
2, 7
List the prime factors of 110451.
3, 11, 3347
What are the prime factors of 302?
2, 151
What are the prime factors of 77?
7, 11
What are the prime factors of 1967?
7, 281
List the prime factors of 20072.
2, 13, 193
List the prime factors of 5053.
31, 163
List the prime factors of 43728.
2, 3, 911
What are the prime factors of 5891?
43, 137
List the prime factors of 18296.
2, 2287
List the prime factors of 302.
2, 151
What are the prime factors of 27?
3
List the prime factors of 29188.
2, 7297
List the prime factors of 797.
797
List the prime factors of 68233.
11, 6203
List the prime factors of 5743.
5743
List the prime factors of 674.
2, 337
List the prime factors of 59332.
2, 7, 13, 163
What are the prime factors of 23185?
5, 4637
List the prime factors of 5102.
2, 2551
What are the prime factors of 2199?
3, 733
List the prime factors of 11805.
3, 5, 787
What are the prime factors of 181?
181
List the prime factors of 25821.
3, 19, 151
List the prime factors of 30721.
31, 991
List the prime factors of 23466.
2, 3, 3911
What are the prime factors of 1206?
2, 3, 67
List the prime factors of 1326.
2, 3, 13, 17
What are the prime factors of 6072?
2, 3, 11, 23
List the prime factors of 12713.
12713
List the prime factors of 371.
7, 53
What are the prime factors of 179?
179
What are the prime factors of 503?
503
List the prime factors of 6939.
3, 257
What are the prime factors of 2855?
5, 571
What are the prime factors of 4259?
4259
List the prime factors of 2441.
2441
List the prime factors of 2300.
2, 5, 23
What are the prime factors of 3360?
2, 3, 5, 7
What are the prime factors of 8516?
2, 2129
List the prime factors of 3506.
2, 1753
List the prime factors of 2893.
11, 263
What are the prime factors of 4228?
2, 7, 151
What are the prime factors of 1321?
1321
What are the prime factors of 46622?
2, 23311
List the prime factors of 54085.
5, 29, 373
List the prime factors of 47808.
2, 3, 83
List the prime factors of 35850.
2, 3, 5, 239
What are the prime factors of 3859?
17, 227
List the prime factors of 29725.
5, 29, 41
List the prime factors of 9815.
5, 13, 151
What are the prime factors of 111040?
2, 5, 347
List the prime factors of 77032.
2, 9629
List the prime factors of 47469.
3, 15823
What are the prime factors of 2407?
29, 83
What are the prime factors of 3411?
3, 379
List the prime factors of 56177.
11, 5107
List the prime factors of 373.
373
What are the prime factors of 175?
5, 7
List the prime factors of 2010.
2, 3, 5, 67
What are the prime factors of 1569?
3, 523
List the prime factors of 5036.
2, 1259
What are the prime factors of 65?
5, 13
List the prime factors of 69918.
2, 3, 43, 271
List the prime factors of 1750.
2, 5, 7
What are the prime factors of 17837?
17837
List the prime factors of 12518.
2, 11, 569
List the prime factors of 3824.
2, 239
What are the prime factors of 10353?
3, 7, 17, 29
List the prime factors of 839.
839
What are the prime factors of 24731?
7, 3533
What are the prime factors of 138937?
138937
List the prime factors of 2595.
3, 5, 173
List the prime factors of 21778.
2, 10889
What are the prime factors of 912?
2, 3, 19
List the prime factors of 10069.
10069
What are the prime factors of 12945?
3, 5, 863
What are the prime factors of 7333?
7333
What are the prime factors of 2372?
2, 593
List the prime factors of 63043.
23, 2741
What are the prime factor